t is the hundreds digit of 2720?
7
What is the thousands digit of 26598?
6
What is the tens digit of 796?
9
What is the thousands digit of 79170?
9
What is the tens digit of 546?
4
What is the hundred thousands digit of 151513?
1
What is the thousands digit of 2358?
2
What is the hundreds digit of 338?
3
What is the units digit of 1208?
8
What is the thousands digit of 45723?
5
What is the thousands digit of 1072?
1
What is the hundreds digit of 10068?
0
What is the tens digit of 1647?
4
What is the units digit of 4162?
2
What is the tens digit of 689?
8
What is the units digit of 450?
0
What is the tens digit of 92?
9
What is the hundreds digit of 476?
4
What is the units digit of 8813?
3
What is the units digit of 545?
5
What is the tens digit of 1257?
5
What is the thousands digit of 1663?
1
What is the thousands digit of 3608?
3
What is the hundred thousands digit of 155053?
1
What is the units digit of 2127?
7
What is the hundreds digit of 1060?
0
What is the tens digit of 721?
2
What is the tens digit of 592?
9
What is the tens digit of 1236?
3
What is the thousands digit of 96878?
6
What is the tens digit of 19295?
9
What is the units digit of 1983?
3
What is the units digit of 1680?
0
What is the hundreds digit of 210?
2
What is the hundreds digit of 6385?
3
What is the tens digit of 821?
2
What is the thousands digit of 14190?
4
What is the hundreds digit of 4754?
7
What is the units digit of 3489?
9
What is the tens digit of 94764?
6
What is the tens digit of 3599?
9
What is the tens digit of 57079?
7
What is the tens digit of 2186?
8
What is the hundreds digit of 15502?
5
What is the tens digit of 30292?
9
What is the ten thousands digit of 48021?
4
What is the hundreds digit of 1744?
7
What is the thousands digit of 3889?
3
What is the units digit of 3504?
4
What is the units digit of 23518?
8
What is the units digit of 8061?
1
What is the ten thousands digit of 33349?
3
What is the tens digit of 60470?
7
What is the hundreds digit of 4192?
1
What is the thousands digit of 2986?
2
What is the tens digit of 24920?
2
What is the ten thousands digit of 10502?
1
What is the ten thousands digit of 17481?
1
What is the tens digit of 37414?
1
What is the units digit of 49139?
9
What is the thousands digit of 5374?
5
What is the tens digit of 11462?
6
What is the tens digit of 6795?
9
What is the thousands digit of 21636?
1
What is the units digit of 2008?
8
What is the units digit of 9955?
5
What is the units digit of 8154?
4
What is the hundreds digit of 2083?
0
What is the hundreds digit of 3479?
4
What is the units digit of 618?
8
What is the tens digit of 1920?
2
What is the units digit of 806?
6
What is the units digit of 2625?
5
What is the tens digit of 22349?
4
What is the hundreds digit of 605?
6
What is the thousands digit of 4999?
4
What is the thousands digit of 7708?
7
What is the thousands digit of 1184?
1
What is the hundreds digit of 6747?
7
What is the tens digit of 12348?
4
What is the hundreds digit of 3576?
5
What is the tens digit of 8930?
3
What is the tens digit of 176896?
9
What is the tens digit of 714?
1
What is the units digit of 23429?
9
What is the units digit of 76234?
4
What is the thousands digit of 18399?
8
What is the tens digit of 20378?
7
What is the tens digit of 951?
5
What is the thousands digit of 39540?
9
What is the units digit of 1481?
1
What is the units digit of 7573?
3
What is the hundreds digit of 62132?
1
What is the hundreds digit of 7185?
1
What is the hundreds digit of 51487?
4
What is the hundreds digit of 25603?
6
What is the ten thousands digit of 22616?
2
What is the hundreds digit of 354?
3
What is the hundreds digit of 31249?
2
What is the tens digit of 56388?
8
What is the hundreds digit of 156?
1
What is the hundreds digit of 35049?
0
What is the units digit of 19679?
9
What is the hundreds digit of 5633?
6
What is the hundreds digit of 11989?
9
What is the tens digit of 2613?
1
What is the ten thousands digit of 180071?
8
What is the hundreds digit of 562?
5
What is the units digit of 627?
7
What is the hundreds digit of 4916?
9
What is the tens digit of 41870?
7
What is the thousands digit of 4506?
4
What is the units digit of 16802?
2
What is the units digit of 44420?
0
What is the units digit of 3282?
2
What is the ten thousands digit of 47524?
4
What is the tens digit of 39?
3
What is the units digit of 5391?
1
What is the hundreds digit of 15590?
5
What is the tens digit of 27187?
8
What is the tens digit of 64264?
6
What is the hundreds digit of 1401?
4
What is the hundreds digit of 604?
6
What is the thousands digit of 48914?
8
What is the hundreds digit of 11352?
3
What is the thousands digit of 37044?
7
What is the thousands digit of 1280?
1
What is the units digit of 146?
6
What is the ten thousands digit of 32403?
3
What is the thousands digit of 8522?
8
What is the thousands digit of 7609?
7
What is the units digit of 150?
0
What is the tens digit of 2490?
9
What is the units digit of 2221?
1
What is the tens digit of 46?
4
What is the units digit of 9126?
6
What is the hundreds digit of 75393?
3
What is the thousands digit of 17065?
7
What is the thousands digit of 1776?
1
What is the tens digit of 4094?
9
What is the hundreds digit of 1899?
8
What is the units digit of 93455?
5
What is the hundreds digit of 11659?
6
What is the thousands digit of 1039?
1
What is the hundreds digit of 14186?
1
What is the hundreds digit of 1092?
0
What is the thousands digit of 32507?
2
What is the units digit of 2413?
3
What is the tens digit of 7960?
6
What is the ten thousands digit of 59901?
5
What is the tens digit of 329?
2
What is the thousands digit of 1438?
1
What is the units digit of 137063?
3
What is the tens digit of 115?
1
What is the thousands digit of 5180?
5
What is the units digit of 16559?
9
What is the hundreds digit of 11434?
4
What is the hundreds digit of 60174?
1
What is the ten thousands digit of 16901?
1
What is the units digit of 2272?
2
What is the hundreds digit of 2241?
2
What is the units digit of 1437?
7
What is the hundreds digit of 4045?
0
What is the hundreds digit of 1087?
0
What is the units digit of 41192?
2
What is the tens digit of 14929?
2
What is the tens digit of 623?
2
What is the hundreds digit of 2654?
6
What is the hundreds digit of 5748?
7
What is the hundreds digit of 34163?
1
What is the thousands digit of 1566?
1
What is the units digit of 968?
8
What is the tens digit of 3295?
9
What is the thousands digit of 4530?
4
What is the units digit of 9130?
0
What is the thousands digit of 2030?
2
What is the tens digit of 621?
2
What is the tens digit of 259?
5
What is the units digit of 126?
6
What is the tens digit of 20966?
6
What is the thousands digit of 15803?
5
What is the thousands digit of 29033?
9
What is the hundreds digit of 790?
7
What is the tens digit of 736?
3
What is the hundreds digit of 1667?
6
What is the ten thousands digit of 10765?
1
What is the units digit of 9434?
4
What is the units digit of 83356?
6
What is the units digit of 22011?
1
What is the tens digit of 7794?
9
What is the ten thousands digit of 107965?
0
What is the thousands digit of 4253?
4
What is the units digit of 16773?
3
What is the tens digit of 19064?
6
What is the tens digit of 13205?
0
What is the units digit of 15550?
0
What is the units digit of 958?
8
What is the hundreds digit of 14826?
8
What is the tens digit of 166439?
3
What is the thousands digit of 2137?
2
What is the tens digit of 1390?
9
What is the tens digit of 996?
9
What is the ten thousands digit of 182757?
8
What is the hundreds digit of 2158?
1
What is the units digit of 4567?
7
What is the units digit of 62856?
6
What is the units digit of 3717?
7
What is the hundreds digit of 3541?
5
What is the hundreds digit of 10638?
6
What is the units digit of 7663?
3
What is the tens digit of 22974?
7
What is the tens digit of 57455?
5
What is the thousands digit of 6160?
6
What is the units digit of 8524?
4
What is the hundreds digit of 692?
6
What is the units digit of 1087?
7
What is the thousands digit of 6975?
6
What is the hundreds digit of 154026?
0
What is the hundreds digit of 17012?
0
What is the tens digit of 2620?
2
What is the units digit of 25220?
0
What is the thou